39 a composite number?
True
Is 10275257 a prime number?
False
Is 375917 prime?
False
Is 285830731 prime?
True
Is 9917899 prime?
False
Is 427313 prime?
False
Is 3907249 composite?
False
Is 14446394 composite?
True
Is 24214273 a composite number?
True
Is 6072293 a composite number?
False
Is 311395889 composite?
True
Is 320559 prime?
False
Is 83733863 composite?
False
Is 670531 a composite number?
True
Is 13160651 prime?
False
Is 14981651 prime?
True
Is 24990247 composite?
True
Is 29700691 composite?
True
Is 11515367 a composite number?
False
Is 42986159 prime?
True
Is 365927 prime?
False
Is 81329323 prime?
True
Is 553051 prime?
True
Is 59338817 prime?
True
Is 3800411 a composite number?
True
Is 177320861 composite?
True
Is 67619141 a composite number?
True
Is 859631 composite?
True
Is 84092251 composite?
True
Is 61196377 prime?
False
Is 8451293 a prime number?
True
Is 58987087 a composite number?
True
Is 1028303 composite?
False
Is 59961011 composite?
True
Is 4658957 a prime number?
True
Is 6332489 composite?
True
Is 11379163 composite?
True
Is 535915 a composite number?
True
Is 99399889 a composite number?
False
Is 53995463 composite?
True
Is 65551 a composite number?
False
Is 65510239 a composite number?
True
Is 692217335 a prime number?
False
Is 1284691 a composite number?
False
Is 1087871417 a composite number?
False
Is 10106077 a prime number?
True
Is 1287955 a composite number?
True
Is 2927297 prime?
False
Is 799801 composite?
False
Is 10741483 a prime number?
False
Is 58583399 a composite number?
True
Is 2036843 prime?
False
Is 5317067 prime?
False
Is 834433 a composite number?
False
Is 4604839 a composite number?
True
Is 15089791 prime?
True
Is 101357 composite?
True
Is 4051051 a composite number?
False
Is 161327 composite?
True
Is 10009777 a prime number?
True
Is 2598503 a composite number?
False
Is 102393569 composite?
False
Is 20043895 a composite number?
True
Is 1791859 prime?
False
Is 60683263 composite?
False
Is 31234471 a composite number?
True
Is 176591 prime?
True
Is 17595359 a composite number?
False
Is 524299447 prime?
False
Is 1815131 a prime number?
True
Is 18671063 prime?
False
Is 2272714 prime?
False
Is 345133 prime?
True
Is 79114481 a composite number?
True
Is 19361857 a prime number?
True
Is 87952289 composite?
False
Is 74280223 prime?
False
Is 3592673 composite?
True
Is 25907797 a composite number?
True
Is 207556933 a composite number?
False
Is 4333265 a composite number?
True
Is 11475881 prime?
True
Is 10255205 a composite number?
True
Is 65778463 a composite number?
True
Is 2594743 a composite number?
True
Is 106919257 a prime number?
True
Is 234518779 a composite number?
True
Is 77979611 a prime number?
False
Is 9692899 composite?
False
Is 4215157 a composite number?
False
Is 97771 a composite number?
False
Is 56594479 a composite number?
True
Is 3271421 a composite number?
True
Is 1487405 a composite number?
True
Is 66287623 a prime number?
True
Is 52463687 a prime number?
False
Is 8311091 a composite number?
True
Is 210171931 a prime number?
False
Is 89152753 composite?
False
Is 13081981 a prime number?
False
Is 2367329 prime?
True
Is 117420731 a composite number?
True
Is 1163441 prime?
True
Is 3750293 composite?
False
Is 115139593 prime?
True
Is 209728037 prime?
True
Is 10063619 a prime number?
True
Is 3337619 composite?
False
Is 182069243 prime?
True
Is 5838979 composite?
True
Is 12169777 a composite number?
True
Is 23967565 a prime number?
False
Is 4143101 a composite number?
False
Is 488567 a composite number?
False
Is 2614327 a prime number?
True
Is 42887347 composite?
True
Is 45542161 composite?
True
Is 27232307 a prime number?
True
Is 1399351 prime?
True
Is 209081557 prime?
True
Is 9501241 prime?
False
Is 939151 composite?
True
Is 49518779 a prime number?
True
Is 13313033 a prime number?
True
Is 393947 a prime number?
True
Is 13971073 prime?
True
Is 124648369 a prime number?
False
Is 4669541 composite?
True
Is 88643 a prime number?
True
Is 754558529 a composite number?
False
Is 2452181 a prime number?
True
Is 246704543 a prime number?
True
Is 105774329 composite?
True
Is 8297669 prime?
True
Is 37348819 prime?
True
Is 16623133 composite?
False
Is 15341101 prime?
False
Is 42831697 prime?
False
Is 9653437 a composite number?
True
Is 236809 a composite number?
True
Is 3967993 a prime number?
True
Is 10102985 a composite number?
True
Is 348311 a composite number?
True
Is 628417 a composite number?
True
Is 47533303 a composite number?
False
Is 1748386 a prime number?
False
Is 31921111 prime?
True
Is 389153 composite?
True
Is 866087 a prime number?
True
Is 1125419 a composite number?
False
Is 4065113 prime?
False
Is 18353393 prime?
True
Is 1173869 a composite number?
True
Is 8255855 composite?
True
Is 3484631 a composite number?
True
Is 299603 composite?
False
Is 1358437 composite?
False
Is 192217247 prime?
False
Is 3764743 a prime number?
False
Is 4603943 a composite number?
True
Is 6747029 prime?
False
Is 11477003 a composite number?
False
Is 179503759 prime?
True
Is 32409271 composite?
False
Is 10923949 composite?
True
Is 4329581 a prime number?
True
Is 192312221 prime?
True
Is 5117899 composite?
False
Is 68166337 a prime number?
True
Is 218329549 a prime number?
False
Is 229959529 composite?
True
Is 18632129 a composite number?
False
Is 117699397 composite?
True
Is 125109539 a composite number?
False
Is 1475867 a composite number?
True
Is 11824501 a composite number?
True
Is 9590723 composite?
False
Is 119751313 composite?
True
Is 28062467 a prime number?
False
Is 696809 a composite number?
False
Is 15846857 prime?
False
Is 4413601 a composite number?
True
Is 9730577 a prime number?
True
Is 5568961 a composite number?
False
Is 105811327 prime?
False
Is 13313393 composite?
False
Is 99423053 a prime number?
False
Is 1819367 a prime number?
False
Is 40126897 composite?
False
Is 12053281 composite?
False
Is 149817061 a composite number?
True
Is 85421233 prime?
True
Is 16502023 composite?
False
Is 12286419 a prime number?
False
Is 203838031 composite?
True
Is 123052187 prime?
False
Is 44043697 a composite number?
True
Is 46751279 a prime number?
True
Is 75790379 composite?
True
Is 645453713 prime?
False
Is 214105841 a composite number?
False
Is 4436711 a composite number?
True
Is 324522277 prime?
False
Is 4148951 a composite number?
True
Is 1764541 composite?
False
Is 19205839 composite?
False
Is 19981867 a composite number?
False
Is 2210618 prime?
False
Is 21354715 a composite number?
True
Is 13425443 prime?
True
Is 542675417 prime?
True
Is 50183219 prime?
True
Is 4903453 a composite number?
False
Is 19066461 a composite number?
True
Is 122166419 composite?
False
Is 1570622 a composite number?
True
Is 4919615 a composite number?
True
Is 5298467 a prime number?
True
Is 2325179 a prime number?
False
Is 8534039 a prime number?
False
Is 93549361 a composite number?
False
Is 3842077 a composite number?
False
Is 3643599 a composite number?
True
Is 51189689 composite?
True
Is 554213302 composite?
True
Is 8105597 composite?
True
Is 15365629 a prime number?
True
Is 1208167 composite?
True
Is 5776439 a composite number?
False
Is 2465881 a prime number?
False
Is 13084601 composite?
False
Is 78606581 a prime number?
True
Is 1999423 a composite number?
False
Is 758845 composite?
True
Is 4710623 a composite number?
False
Is 21217943 prime?
True
Is 2104513 a prime number?
False
Is 6506537 a prime number?
False
Is 59602593 prime?
False
Is 74800805 a prime number?
False
Is 221514739 composite?
True
Is 4188617 a composite number?
False
Is 908993 a composite number?
False
Is 64349591 prime?
True
Is 5969501 a composite number?
True
Is 148483527 composite?
True
Is 24206887 composite?
True
Is 5919841 composite?
True
Is 58393861 a composite number?
True
Is 490097 a prime number?
True
Is 26557567 a composite number?
False
Is 10656571 composite?
True
Is 2346611 composite?
False
Is 16164859 prime?
True
Is 34231 a composite number?
False
Is 530046139 composite?
True
Is 1672301 a composite number?
False
Is 3055043 a prime number?
True
Is 6358393 prime?
False
Is 5002837 prime?
False
Is 81807403 prime?
True
Is 2739613 composite?
False
Is 644065 a prime number?
False
Is 64511627 a composite number?
True
Is 3048411 composite?
True
Is 4527554